- 55. What is the tens digit of u?
2
Let g = 6 + -10. Suppose m = 3*m - 12. Let n = g + m. What is the units digit of n?
2
What is the units digit of (-202)/(-6) + (-14)/21?
3
Let s(t) = -t**3 - 10*t**2 + t + 13. Let z be s(-10). What is the units digit of z/(-1)*160/(-15)?
2
Let g(j) = -1 - 4*j**2 + 2*j**3 + 3*j**2 - 5*j + 7*j - j**2. What is the tens digit of g(2)?
1
Let v = -18 + 11. What is the tens digit of (21/2)/(v/(-14))?
2
Suppose 4*m + k - 16 = 0, m = -4*m - 5*k + 35. Suppose -m = -2*h + 3*i, 3*h - 10 + 0 = -i. What is the units digit of h?
3
Suppose -3*g = -4 - 2. Suppose 2*t - 5*c = -g*c + 53, -4*t + 131 = -c. What is the tens digit of t?
3
Suppose 0*z = 3*z - 48. What is the units digit of z?
6
Suppose 3*c - 123 - 36 = 0. What is the tens digit of c?
5
Suppose 4*v - 34 = -3*l + 28, -3*v = -6. What is the tens digit of l?
1
Let t(f) be the second derivative of 1/3*f**3 + f**2 + f + 0. What is the units digit of t(2)?
6
Let j(f) = -f**3 - 6*f**2 - 5*f + 2. What is the units digit of j(-5)?
2
Let f(d) be the third derivative of -d**4/24 - d**3/6 + 2*d**2. Let k be f(-3). What is the units digit of (-29)/(-4) - k/8?
7
Suppose u - 3*l = -1, -5*u - 6*l + l = -15. What is the tens digit of u/7 - 328/(-28)?
1
What is the units digit of (-19)/(-3) + (-6)/(-9)?
7
Suppose -5 = -3*y + 1. Suppose 0 = 5*r + 5*q - 110, 3*r - 46 = y*q + 15. What is the tens digit of r?
2
Suppose 2 = f - 0*f. Let v be f + (1 - -1) + -2. Suppose v*n - 10 = 0, 4*g - g - 5*n + 7 = 0. What is the units digit of g?
6
Let j = -30 - -14. Let n(y) = y**2 + 15*y + 23. What is the tens digit of n(j)?
3
Let b(p) = -p**2 - 9*p - 7. Let h be b(-6). Suppose t - 2*t = -5*j - 18, -t = 2*j - h. What is the tens digit of t?
1
Let w(o) be the second derivative of -o**3/6 + 5*o**2/2 - o. Let v be w(0). Suppose 30 - 10 = v*q. What is the units digit of q?
4
Let x = -4 - -7. Suppose 0 = -6*u + 3*u - 3, 3*l = x*u + 69. Suppose l + 3 = 5*y. What is the units digit of y?
5
Suppose 0 = 2*l - 6, 0*x + 4*x - 4*l - 16 = 0. Let p(j) = j**2 - 7*j + 2. Let n be p(x). Suppose -21 = -n*g - g. What is the units digit of g?
7
Let j = -47 - -83. Suppose -6*o + 2*o = -j. What is the units digit of (-3)/(-3)*(o - 2)?
7
What is the units digit of 38/8 - (-3)/(-4)?
4
Suppose -5*m = -4*m + c - 3, 3*m + c - 9 = 0. Let z = 16 - m. What is the units digit of z?
3
Suppose -2*f - 7*s + 20 = -3*s, 2*s = 4*f + 10. Suppose 0 = -o - 4*o + 25. Suppose -d + 8 = 4*p, f*d + o*d - 5*p = 15. What is the units digit of d?
4
Suppose 0 = 3*h - 5 + 2. Let l(d) = 16*d**2. What is the tens digit of l(h)?
1
Suppose -4*c + 2*t = -14, 0*c - 2*t - 8 = -2*c. Suppose p + 88 = c*p. What is the units digit of p?
4
Suppose f = -4*q + 16, -34 = -f + 3*q + 2*q. What is the units digit of f?
4
Suppose 3*k - 5*d - 143 = 0, 0 = 2*k - 0*d - 2*d - 94. What is the units digit of k?
6
Let i(p) = p**2 + 4*p + 5. What is the units digit of i(-11)?
2
Let i = 10 - 10. Let m(b) = 3 - 4*b + 0 + i*b. What is the units digit of m(-3)?
5
What is the tens digit of 4/(-10) + -2 + (-3282)/(-30)?
0
Let b be (-8)/(-3 + (-130)/(-44)). Suppose -5*j - b = -9*j. What is the units digit of j?
4
Let c(q) be the third derivative of q**4/24 + 5*q**3/2 + 3*q**2. What is the units digit of c(0)?
5
What is the tens digit of (-7)/(-7)*(0 - -37)?
3
Let h(s) = -2*s + 2. Let z be h(-7). What is the units digit of z*-1*2/(-4)?
8
Let f be 0/((-4)/2 - -3). Let s = f - -4. What is the units digit of s?
4
Let z = 64 + -18. What is the units digit of z?
6
Let z(o) = -2*o**2 - 38*o + 15. What is the tens digit of z(-18)?
5
Let t be 0 - (-3)/(-6)*6. Let f(g) = g**3 + 2*g**2 - g - 1. Let m be f(t). Let r = -2 - m. What is the units digit of r?
5
Let w(g) = -g + 3. Suppose 0*p - 4*p - 12 = 0. Let d be w(p). Let m(r) = r**3 - 6*r**2 + r + 1. What is the units digit of m(d)?
7
What is the tens digit of ((-26)/4)/((-1)/4)?
2
Let a = 302 - 147. What is the units digit of a?
5
What is the tens digit of 1275/9 - (-6)/18?
4
Let z(k) be the second derivative of -k**3/6 + 5*k**2/2 - 2*k. What is the tens digit of z(-12)?
1
Let i(u) = u - 11. Let n be i(15). Suppose 0*d = n*d - 100. What is the tens digit of d?
2
Suppose -21 = -4*h + 3. Suppose 0 = -5*j + h + 49. What is the tens digit of j?
1
Let m = 17 + -12. Suppose -t + 8*l = 3*l + 2, -2*l = 0. Let b = t + m. What is the units digit of b?
3
Let c(i) = 10*i**3 + i**2 - i. What is the tens digit of c(1)?
1
Let o = 5 - 2. Let y(m) be the first derivative of -m**4/4 + 4*m**3/3 - m - 2. What is the units digit of y(o)?
8
Suppose 5*f - 5*z - 42 = -2*z, -z + 10 = f. What is the units digit of f?
9
Let w(g) be the second derivative of -g**3/6 + 5*g**2/2 + 10*g. What is the units digit of w(-13)?
8
Let u(n) = -n**3 + 2*n**2 + 2*n - 8. Let k be u(6). What is the units digit of (-1)/3 - k/15?
9
Let w(r) be the third derivative of r**4/12 - r**3/3 - 7*r**2. What is the units digit of w(3)?
4
Suppose 0 = -0*o - 2*o + 22. Let u(h) = h**2 - 4*h + 3. Let y be u(3). Let l = o + y. What is the units digit of l?
1
Let d(l) = l. Let m(w) = -w**2 - 4*w - 9. Let f(n) = -3*d(n) - m(n). What is the units digit of f(0)?
9
Suppose 0 = a - 26 - 53. What is the tens digit of a?
7
Suppose 5*i + 1 = 101. Suppose -2*c + c = -i. What is the tens digit of c?
2
Suppose b = 2*b - 2. What is the units digit of (-2)/(4 - b) - -8?
7
Let c be 3 + (34 - (4 + -2)). Let w = c + 14. What is the units digit of w?
9
What is the tens digit of 1 + 1*49 - (51 - 48)?
4
Let b(w) = 4*w**2 + 30*w + 28. What is the units digit of b(-12)?
4
Let d(r) = 7*r. Let k(u) = -7*u - 1. Let h(x) = -4*d(x) - 3*k(x). Let v(w) = -10*w + 4. Let g(f) = -7*h(f) + 5*v(f). What is the units digit of g(-3)?
2
Let o = 18 + -28. What is the units digit of 275/o*(-8)/10?
2
Suppose 2*j + 6 = 64. Suppose 40 = 7*t - 5*t. Let x = j - t. What is the units digit of x?
9
Suppose 4*s + s = 730. What is the units digit of s?
6
Let n be 56/12 + (-1)/(-3). Suppose 0 = n*w - 0*w - 80. What is the units digit of w?
6
Let c(g) = 8*g - 24. What is the hundreds digit of c(17)?
1
What is the units digit of -3*(-2)/(-6)*4 + 52?
8
Suppose 23 = -4*i + 3. What is the units digit of 6/((-8)/180*i)?
7
Let s(v) = v - 3. Let j(h) = -4*h + 11. Let i(b) = 2*j(b) + 9*s(b). Let p be i(7). Suppose 4*u - p = 2. What is the units digit of u?
1
Suppose -9*g + 4*g = -185. What is the tens digit of g?
3
Suppose 5*p - p + 15 = 5*z, 3*p - 6 = -2*z. Suppose -t = -4 + z. What is the units digit of t?
1
Let n = -6 + 11. Suppose n*k - 9 = -2*u + 24, 0 = 5*u + k - 25. Suppose u*j - 4 = 5*r - 5, -3 = -4*r + j. What is the units digit of r?
1
Suppose -5*l = 4*g - 317 - 1277, 0 = -5*l + g + 1589. What is the units digit of l?
8
Suppose -2*w = -6*w + 84. What is the units digit of w?
1
Let m = 646 - 446. What is the units digit of m?
0
Suppose 0 = -2*o - 5*y + 53, 5*y = -o + 3*o - 3. What is the units digit of o?
4
Let i(y) = -3*y + 6. Let j be i(4). Let d be (3/2 + -2)*-8. What is the units digit of (-44)/(-6) - d/j?
8
Let s(b) = b**3 + 4*b**2 - 10*b - 7. Let l be s(-6). What is the units digit of l/(-4) + 1/4?
5
Let s = -3 - 3. Let g(v) = v + 8. Let k be g(s). Suppose 2*l - 32 = -k*o - 0*l, -4 = -l. What is the tens digit of o?
1
Let a(j) = j**2 - 8*j - 13. What is the units digit of a(10)?
7
Let m(p) be the second derivative of -1/12*p**4 + p**2 + p - 5/3*p**3 + 0. What is the tens digit of m(-9)?
1
Suppose -3*f - f - q = -16, 3*f = 4*q + 31. Suppose 0 = i + 3, 3*z + f*i + 0*i = 24. What is the tens digit of z?
1
Let g be (0 - 0) + (-8)/(-4). Suppose -g*w + 22 = y, w + 2*w - 2*y = 19. Suppose 3*u - w = -3*b, 4*b = -3*u - 0 + 6. What is the units digit of u?
6
Let j(l) = -l**3 + 10*l**2 + 11*l - 4. What is the tens digit of j(10)?
0
Let c(m) = m**3 + 4*m**2 + 3*m. Let t be c(-3). Suppose t*x + 30 = 5*x. What is the units digit of x?
6
Suppose -6*k + 300 = 2*t - k, k + 644 = 4*t. What is the tens digit of t?
6
What is the tens digit of 79/1 + (-3)/1?
7
Let h = 241 - 130. What is the tens digit of h?
1
Let d be (-5)/(-15)*18/2. Let l(h) = -h**2 + 0*h + 0*h + h**d + 8. What is the units digit of l(0)?
8
Suppose 2*t = -2*q + 59 + 551, 3*q = 9. What is the tens digit of t?
0
Let d be 7/(21/90) - -3. Let h = d - 20. What is the units digit of h?
3
Let p(y)